me factors of a?
3, 11, 13
List the prime factors of (-15 - (-30 - -9))/((-6)/(-218)).
2, 109
Suppose 4*f = -0*f - a + 4447, -3*f + 3321 = -4*a. Let w = f - 739. List the prime factors of w.
2, 3, 31
Suppose 2*r + 3 = -7, -5*a - 2*r - 10 = 0. Suppose -5*m = q - 2520, a = -4*q + 6 - 26. List the prime factors of m.
5, 101
Suppose 6832 = 3*x - 2*j, -6*j + 8*j - 2264 = -x. Let h = 3752 - x. What are the prime factors of h?
2, 739
Let s = 18 - 16. Let j(b) = 2*b + 7 + 13 + s*b. List the prime factors of j(3).
2
Suppose 17697*u + 137744 = 17701*u. List the prime factors of u.
2, 8609
Let h = 10974 - 5123. What are the prime factors of h?
5851
Let f = 140 + -126. Suppose 6*u - f*u + 4008 = 0. List the prime factors of u.
3, 167
Let r = -3369 + 5220. List the prime factors of r.
3, 617
Suppose -f = -4*v - 11, 2*v + 5 = -3*f - 4. Let i be (-1)/(-4) - ((-7981)/(-4))/1. What are the prime factors of i/14*f/1*2?
3, 5, 19
Suppose 2*h + 5*d = 7*h + 30, 2*h - d + 10 = 0. Let c(l) = -26*l**3 - l**2 + 10*l + 16. What are the prime factors of c(h)?
2, 7, 29
Suppose 3*s - 132771 = -5*g, -s = 31 - 23. What are the prime factors of g?
3, 13, 227
Let x(c) = -139*c - 11. What are the prime factors of x(-6)?
823
Suppose 31*a - 48393 - 307332 = 0. What are the prime factors of a?
3, 5, 17
Let w(u) = 146*u**3 + u + 0 + u**2 - 1 + 0. Suppose -g - 19 = -4*b, -10 = 4*g - b - 9. List the prime factors of w(g).
3, 7
Let w(s) = 22*s - 2*s + 9 - 3*s + 19*s. List the prime factors of w(9).
3, 37
Suppose -61 = 3*t - 52. What are the prime factors of 299*(5 + t) + 0?
2, 13, 23
Let y(j) = -2*j**3 + 34*j**2 - 23*j + 39. Let x be y(15). Suppose c + 5*l - 136 = 458, c = 5*l + x. What are the prime factors of c?
2, 3, 11
Suppose m = -4*w + 110055, -5*w + 206094 - 68520 = 3*m. List the prime factors of ((-12)/3)/((-108)/w).
1019
Suppose -35*x + 560 = -15*x. List the prime factors of (13684/77)/(8/x).
2, 311
Let j(f) = 8 + f + 21 - 19. Let v be j(-7). Suppose -c + 6*x = v*x - 54, -4*x - 55 = -c. What are the prime factors of c?
3, 17
Suppose 154*a - 117*a = 249306. What are the prime factors of a?
2, 3, 1123
Let f be (-13)/((-117)/36) - 1*2. Suppose f*h - 4*c = 17 + 785, 3*c + 9 = 0. List the prime factors of h.
5, 79
Let j(d) = -68 - 92 - 32 + 29 - 118*d. List the prime factors of j(-5).
7, 61
Suppose 5*m = 2*c - 14, -3*c + 10*m + 16 = 5*m. List the prime factors of -3 + -2 - -7 - -202*c.
2, 7, 29
Let r(g) be the third derivative of g**6/120 - g**5/60 - 11*g**4/24 - 12*g**2 - 2. List the prime factors of r(4).
2
Let l = -307 + 310. What are the prime factors of ((-686)/4)/(((-27)/18)/l)?
7
Suppose -11*w - 117*w - 119*w = -1934998. List the prime factors of w.
2, 3917
Let x = -23370 + 40088. List the prime factors of x.
2, 13, 643
Suppose -2*d - 79706 = -3*i, 0 = 474*i - 477*i + 4*d + 79708. List the prime factors of i.
2, 3, 41
Let h = 219 + -220. What are the prime factors of ((-8)/8)/(h/3) + 1091?
2, 547
Let q = 5614 - -6594. List the prime factors of q.
2, 7, 109
Let a = 41 + -4. Suppose -a*u + 1794 = -31*u. List the prime factors of u.
13, 23
Let z(i) = -i**2 - 15*i + 4. Let x be z(-17). Let w(g) = 3*g**2 + 63*g + 17. What are the prime factors of w(x)?
827
Let h(s) = -s**3 + 27*s**2 + 4*s + 11. Let p be h(27). Suppose p = m - 143. What are the prime factors of m?
2, 131
Suppose 213*j = 161*j + 331084. List the prime factors of j.
6367
Suppose 0 = -744*k + 885*k - 1031415. What are the prime factors of k?
5, 7, 11, 19
What are the prime factors of (-92215)/2*(1472/80)/(-46)?
18443
Let d(w) = 133*w**2 + 28*w + 3. What are the prime factors of d(10)?
17, 47
Let w = -485 + -391. List the prime factors of w/168*-64 - 4/(-14).
2, 167
List the prime factors of (389 - 385)/(8/846).
3, 47
Suppose 5*l + 426445 = 46*l + 104*l. What are the prime factors of l?
17, 173
Let j be (-502 + 10)*(-1)/2. Let v = j + 311. What are the prime factors of v?
557
Let a be (5 + -7)*(-3 + 2)*-14. Let s be 2/((-4)/a*2). Suppose -3*h = 3*k - 147, 2*h - 2*k = s*h - 257. What are the prime factors of h?
53
Let n = 6997 + -1292. What are the prime factors of n?
5, 7, 163
Suppose 116*k + 79072 = 120*k. List the prime factors of k.
2, 7, 353
Suppose 88173 + 30318 = 3*j - 4785. What are the prime factors of j?
2, 10273
Let c(k) = k**2 - 3*k - 8. Let h be c(5). Let n be 2/(2/5*(-1)/h). List the prime factors of 8/6*(-495)/n.
2, 3, 11
Let k(c) = 12*c - 327 + 792 + 544. What are the prime factors of k(0)?
1009
Let u(m) = -7*m + 7. Let v be u(-4). Suppose v = 5*c + 3*z + 2*z, -3*z = 5*c - 41. Let y(j) = 14*j - 3. List the prime factors of y(c).
137
Suppose 380*s = 382*s + 5734. Let b = s - -4532. List the prime factors of b.
3, 5, 37
Suppose 4*b - 41 = -2*h + 3, 3*h = -3*b + 63. Let g = 47 + h. Let r = g - 48. List the prime factors of r.
19
Suppose -6475 = -5*m + 2*h - 197, 2*h = -5*m + 6262. Suppose m + 966 = 15*d. What are the prime factors of d?
2, 37
Suppose -2*h + 0*a = 3*a - 671, 4*h + 2*a = 1362. Let d = h - -3. Suppose 3*y - 48 = -4*b + d, -5*b - 546 = -4*y. What are the prime factors of y?
2, 67
Let a = 8846 + -8310. List the prime factors of a.
2, 67
Let q(n) = -3671*n + 886. What are the prime factors of q(-3)?
73, 163
Let x(o) = 6*o**3 - 5*o**2 + 14*o + 9. Let y be x(4). Suppose z = -5*w + y, 766 = 2*z - 4*w + 7*w. What are the prime factors of z?
389
Let j be (9/(-9))/((-22)/21 + 1). Suppose j*v - 144 = 17*v. What are the prime factors of v?
2, 3
Let a = 26024 - 2436. List the prime factors of a.
2, 5897
Let s = 172 - 169. Suppose s*i = -21*c + 18*c + 741, 5*c + 2*i - 1235 = 0. List the prime factors of c.
13, 19
Let w be (-1 - 4) + (0 - -83). Suppose 1804 = w*b - 74*b. What are the prime factors of b?
11, 41
Let t(d) = -139*d + 237. List the prime factors of t(-14).
37, 59
Suppose 11*h = 8*h + 2*s + 110847, -2*s + 184761 = 5*h. List the prime factors of h.
3, 109, 113
Suppose -225*j = -224*j + 4*s - 3392, -4*j + 4*s + 13668 = 0. List the prime factors of j.
2, 853
Let c be (0 + -30)*(-30)/(-45). Let y(i) = -33*i + 171. What are the prime factors of y(c)?
3, 277
Suppose -5*j + w + 32 = 0, 5*j + 2*w + 20 - 61 = 0. Let m be (-10)/(-14) + 4/14. Suppose -m = -k + j. What are the prime factors of k?
2
Let j = 15885 + 18687. What are the prime factors of j?
2, 3, 43, 67
List the prime factors of 585963/355 + 3/(-5).
2, 3, 5, 11
Suppose 3660852 = 6656*f - 6594*f. What are the prime factors of f?
2, 3, 13, 757
Let x = 587 - 1120. Let a = -278 - x. What are the prime factors of a?
3, 5, 17
Let h(w) = 3*w - 2. Let n be h(0). Let t be -2 + 3 - (n + 3). Suppose t = -5*o, 4*m - m + 5*o = 273. List the prime factors of m.
7, 13
Suppose 0 = 96*o - 106*o + 24040. What are the prime factors of o?
2, 601
Let r(a) = 29*a**2 - 86*a + 65. List the prime factors of r(-18).
101, 109
Let h = -16475 + 25379. List the prime factors of h.
2, 3, 7, 53
Suppose -3*h + 10*h = 287. Let t = h - 41. Suppose t = 7*r - 15*r + 856. List the prime factors of r.
107
Let i(c) = 4*c**2 - 9*c + 29. Let u(m) = -m**3 + 3*m**2 + m + 3. Let t be u(2). List the prime factors of i(t).
2, 17
Suppose 2*b = -3*x + 22, 4*x + 6*b - 29 = 3*b. Suppose -399 = -9*h + x*h. List the prime factors of h.
3, 7, 19
Let c(s) = 19*s**2 - 17*s - s + 21*s**2 - s**3 + 3 - 26*s**2. Let w be c(9). Suppose -21*d + w = -19*d. List the prime factors of d.
3, 41
Suppose 4*p = -s + 1 + 9, 2*p - 16 = 5*s. Suppose 0 = 4*d + p - 19. What are the prime factors of d*(5 - 0 - 3)?
2
Let s = -11986 - -18625. List the prime factors of s.
3, 2213
Suppose 38 = 4*n - 3*i, 2*n - n = 5*i + 1. Let s(u) = -u**2 + 43*u - 18. Let m(k) = 43*k - 19. Let a(b) = 4*m(b) - 5*s(b). List the prime factors of a(n).
2, 73
Let b be (((-1)/2)/(-1))/(2/(-148)). Let h = -35 - b. Suppose h*t - 138 = -4*t. What are the prime factors of t?
23
Let s be (4/8)/((-10)/180). Suppose 4 = y + 3. List the prime factors of y + -3 + -1 - (-7 + s).
13
Let f(s) = -10*s - 14. Let m be ((-10)/(-25))/((-1)/(-5) - 0). Suppose 3*v + 2*t + 25 - m = 0, 0 = 3*v + 3*t + 27. What are the prime factors of f(v)?
2, 3
Let q(n) = 4*n + 18. Let w be q(-4). Suppose -5*u - w = t - 9, t + u = 3. Suppose 6*f = t*f + 276. What are the prime factors of f?
3, 23
Suppose 10*u = 12*u. Suppose -22*f + 17*f + 80 = u. Suppose 99 = 5*l + z, 5*z -